j**2 - 3*j + 89. Let k be -2 - (-9)/(-6)*(-8)/6. Let o be (-4 - -3)*k/2. What is the tens digit of c(o)?
8
Suppose 27*h - 33648 = 3*h. Suppose -3*u = -2*t - 3830 - h, 5*t + 5232 = 3*u. What is the units digit of u?
4
Let b be (-75)/(-100) - (-254)/(-8). Let x = b + 173. What is the units digit of x?
2
Let r(n) = -n**3 + 7*n**2 + 19*n + 32. Let p be r(10). What is the tens digit of 208/p - 2860/(-6)?
7
Suppose -g - 15*n = -15483, 3*n - 942 + 16443 = g. What is the tens digit of g?
9
Let y(r) = -22*r + 10*r - 79*r - 206 + 69. What is the tens digit of y(-11)?
6
Suppose 3*v - 5 + 1 = -2*d, -2 = -v. Let z(p) = 807*p**2 - 4*p - 3. Let t be z(d). Suppose 5*k - 27 = t. What is the units digit of k?
7
Let i = 2386 + -1426. What is the tens digit of i?
6
Let b(a) = 13*a**2 + 72*a - 239. What is the thousands digit of b(-35)?
3
Let j(b) = 11*b + 101. Let o be j(-9). Suppose 0 = g + a - 131, 5*g - 4*a = -o*a + 655. What is the tens digit of g?
3
Suppose -3*u + 2*x - 12477 = 3*x, 0 = -5*x. What is the tens digit of u/(-4) - 25/(-20)?
4
Let y = -1439 + 356. Let w = y - -1580. What is the units digit of w?
7
Let q(f) = 560*f - 13780. What is the units digit of q(137)?
0
Let x(b) = b**2 + 18*b + 20. Suppose -3*g = -5*r - 94, -5*r - 2*g = 81 - 2. Let i be x(r). Let u(o) = -o**2 + 6*o - 1. What is the units digit of u(i)?
8
Let l(u) = u**3 + 28*u**2 + 17*u - 104. Suppose 2*g - 70 = 3*o, o + 4*g + 14 + 28 = 0. What is the units digit of l(o)?
6
Let r(o) = o**3 - 19*o**2 + 11*o + 31. Let k be 22 + 0 + (-12)/4. Let h be r(k). Suppose 0 = 9*m - 174 - h. What is the units digit of m?
6
Suppose -7*b = -33 + 12. Suppose -f - 4*f = 2*h - 64, b*h = 4*f - 42. What is the units digit of (27/f)/(6/176) + -2?
4
Let m(c) = -3507*c - 5041. What is the ten thousands digit of m(-8)?
2
Let a be (4/3)/(32/(-48)). Let g be (a - 0) + (-8 - -3 - -137). Suppose -5*z - 4*k = -0*z - g, -25 = -z - k. What is the units digit of z?
0
Let r(s) = -s**2 - 31*s - 50. Let m(k) = -2*k**2 + 19*k + 3. Let d be m(9). Suppose d*b - 8*b = -100. What is the hundreds digit of r(b)?
1
Suppose 0 = 5*i - y - 3 - 18, 0 = -4*i + 2*y + 18. Suppose 4*d = -6*d + 2*d. Suppose i*f + d*f = 524. What is the tens digit of f?
3
Let o = 56455 + -26276. What is the thousands digit of o?
0
Suppose 0 = 219*c - 222*c + 3915. Suppose i - c = -2*b, 1804 = 2*b + 3*i + 497. What is the tens digit of b?
5
Suppose 51*j = 232*j - 1363292. What is the units digit of j?
2
Let w(m) = -115*m - 234. Let a(b) = 2295*b + 4680. Let y(c) = -4*a(c) - 81*w(c). What is the units digit of y(5)?
9
Let u be 5/((-25)/(-15)) - 0. Let d be -12 + (3 - 0/u). Let g = d - -69. What is the tens digit of g?
6
Let y = -107 - -111. Suppose 0*m + 36 = y*m. Suppose -2*l = -m*l + 1169. What is the tens digit of l?
6
Let c = 260 - 258. Suppose 2*b + 17 - 45 = -4*q, c*b = q + 28. What is the tens digit of b?
1
Let z(i) = 5*i - 116. Let c(p) = 2*p - 58. Let a(t) = -7*c(t) + 4*z(t). Let x be a(8). Let s(d) = d**2 + 7*d + 18. What is the units digit of s(x)?
8
Suppose -3*w - 197499 = -5*j, -93*j - 158004 = -97*j + 3*w. What is the tens digit of j?
9
Let t(f) = 5*f**3 + 1. Let r be t(1). Suppose -4020 = -r*b - 4*b. What is the hundreds digit of b?
4
Let n be (54355/(-2))/(-7) - 1/2. Suppose -3*t = 3*k - n, 2*k + k = -5*t + 6478. Suppose 0 = -12*v + v + t. What is the units digit of v?
8
Suppose -92*o = -74*o - 93168. What is the tens digit of o?
7
Suppose -d - 134*d = -19*d - 1165220. What is the thousands digit of d?
0
Suppose -59*c + 1140412 = 32*c. What is the tens digit of c?
3
What is the ten thousands digit of (-2)/(-14) + ((-9571932)/252)/(-1)?
3
Let m(n) = 26*n - 11 - 17 + 3*n**2 + 0. Let c = 2088 + -2100. What is the units digit of m(c)?
2
Let h = -20 + -11. Let d = 34 + h. Suppose d*a = 3*c + 231, 2*a + a - 227 = 5*c. What is the tens digit of a?
7
Let u = 20588 - -7072. What is the thousands digit of u?
7
Let t(o) = -6 + 21 + 3*o - 6*o - 5*o. Suppose 18*d - 17*d = -4*q - 36, 89 = -4*d - 5*q. What is the tens digit of t(d)?
4
Suppose -32 = 171*s - 169*s. What is the units digit of (-9)/24 - 8662/s?
1
Let l be (5 + 1)*6*(-4)/(-72). Suppose -22*g + l = -21*g. Suppose -g*k - h = -2*h - 119, h + 58 = k. What is the tens digit of k?
6
Let b(y) = 430*y + 3728. What is the hundreds digit of b(19)?
8
Let r be 4 + (5/40*0 - -1). Let f be (1 - -2) + -2 - -443. Suppose 2*g - w = -r*w + 186, -5*g - 3*w + f = 0. What is the units digit of g?
7
Let m = -86 + 114. Suppose -2*j + 26 = -3*c + 6, -5*c = -2*j + m. Suppose 3*v - 1099 = -j*v. What is the tens digit of v?
5
Let h(o) = 2*o**3 - 3*o**2 + o + 4. Let c be h(-3). Let v = c + 485. Suppose 3*x = s - 145, -s = -4*s - x + v. What is the units digit of s?
6
Let g(j) = j**3 - 3*j - 4. Let l be g(3). Let i = -16 + l. Let q = 31 - i. What is the tens digit of q?
3
Let v be (0 - 1)/(48/(-96)). What is the units digit of ((-125 - v)*-2)/(16/72)?
3
What is the thousands digit of -2384*12/(-48)*12?
7
Let y(w) = -w**3 + 7*w**2 + 13*w - 23. Let k(c) = -15*c - 12*c + 47 + 38*c**3 - 36*c**3 - 13*c**2. Let a(n) = -2*k(n) - 5*y(n). What is the tens digit of a(11)?
4
Let o(c) = 209*c**3 + 31*c**2 + 14*c - 21. What is the tens digit of o(6)?
2
Let f(a) be the third derivative of a**6/60 - a**5/6 + 5*a**4/12 + 3*a**3/2 - 2*a**2. Let w be (1 - (-65)/25)*(-10)/(-6). What is the units digit of f(w)?
1
What is the ten thousands digit of (525 - -1)*((-454)/(-4) - -12)?
6
Suppose 69043 + 23685 = 12*u - 416. What is the units digit of u?
2
Let m = 39 + 19. Suppose 4*w - 5*i = m, -3*i + 3 = -2*w + 33. What is the units digit of (w/24)/((-2)/(-24))*5?
0
Let w(m) be the second derivative of 69*m**3 + 15*m**2/2 - 23*m. What is the units digit of w(1)?
9
Let b = 91112 - 63741. What is the units digit of b?
1
What is the hundreds digit of (-6)/(-2)*(-8 + 17/(357/46354))?
5
What is the units digit of 4/50 - (530748/(-25) - -12)?
8
Suppose -11292 = -z + 19*x - 18*x, 33855 = 3*z + 4*x. What is the units digit of z?
9
Let y be 978/3*2/4. Let j = 410 + -472. Let o = j + y. What is the hundreds digit of o?
1
Suppose -31*v = -55*v - 43752. What is the thousands digit of (-80 - -81)/((-1)/v)?
1
Suppose -10 - 17 = -9*j. What is the thousands digit of 1302 - (j + -3 + 5) - 1?
1
Let w = 249 - 105. Suppose -13*t - w = -19*t. What is the units digit of t?
4
Let i = 585 + -557. Suppose i*c = 26*c + 1178. What is the hundreds digit of c?
5
Suppose -43084 = 76*u - 141544 - 1640268. What is the thousands digit of u?
2
Let i be 95*-5*((-58)/50 - -1). Let m = i - -288. What is the hundreds digit of m?
3
Let k = 107 + -103. Let n be (-365 - -3)/(k - 4 - 2). Let b = 307 - n. What is the tens digit of b?
2
Suppose -3*t = 3*h + 108, -2*t = -h - 5*t - 40. Let w = 37 + h. Suppose 2*y - w*y - 188 = -3*d, 0 = -2*d + 2*y + 124. What is the tens digit of d?
6
Let a = 5603 + -5344. What is the units digit of a?
9
Suppose -25*t = -38*t + 47918. Suppose -4*f + q = -6386, -3*f - 2*q + t = -1098. What is the hundreds digit of f?
5
Let w(t) be the third derivative of 115*t**4/24 - 29*t**3/6 - 14*t**2. What is the tens digit of w(4)?
3
Let r(c) = 10*c**2 - 460*c**3 + 11 + 1372*c**3 - 464*c**3 - 449*c**3 - 4*c. Suppose 3*y - 40 = -2*y. What is the tens digit of r(y)?
0
Let x(g) = g**2 - g - 5. Let q be x(-4). Let h(v) = -v**3 - 37*v**2 + 34*v - 89. Let m be h(-38). What is the units digit of 24/8*5/(q/m)?
3
Suppose 27*p = 264016 - 78796. What is the hundreds digit of p?
8
What is the hundreds digit of (-1396584)/1190*30/(-4)?
8
Let v(k) = -k**2 - 3*k. Let t be v(-3). Suppose -4*a - 3*o + 32 = t, -a + o = 1 - 2. Suppose -5*l + 3 = -17, 4*h = a*l + 520. What is the tens digit of h?
3
Suppose -f = -2*j + 4*j - 17692, 0 = -4*f + 5*j + 70742. What is the units digit of f?
8
Let f(t) be the first derivative of -35*t**2 + 142*t + 104. What is the tens digit of f(-11)?
1
Suppose -129*y + 127*y + 2*s + 87578 = 0, 87560 = 2*y - 5*s. What is the hundreds digit of y?
7
Let q = 335 - 161. Suppose 163*s - q*s + 6743 = 0. What is the units digit of s?
3
Suppose -3*p - m = -15352, 20*p - 6*m = 25*p - 25565. What is the hundreds digit of p?
1
What is the tens digit of (-3053 + 0)*(4/38 - (-531)/(-171))?
5
What is the ten thousands digit of ((-6)/((-90)/(-35)))/(0 + (-5)/74895)?
3
Let p = 541